t are the prime factors of m(i)?
7
Let n(z) = 10*z**3 + 3*z**2 - z + 1. List the prime factors of n(2).
7, 13
What are the prime factors of 3 - (-21 + 2/(-2))?
5
What are the prime factors of 1*(0 + 210)/5?
2, 3, 7
Suppose 5*j + f + 25 = 0, 2*j - 4*f - f = -10. List the prime factors of j/((-45)/24)*3.
2
Let r = 2 + -2. Suppose -c - 3 = -r*c. Let h = c + 9. What are the prime factors of h?
2, 3
Let a(u) be the second derivative of -u**3/6 - u**2 - u. List the prime factors of a(-6).
2
Suppose -6*j = -2*j - 124. List the prime factors of j.
31
Let u be 2/(-5) + 201/15. Suppose -m = k - u, -4*k = -m + 4 - 1. Let i = 5 + m. What are the prime factors of i?
2
Let w(d) = d**2 - 4*d. List the prime factors of w(8).
2
What are the prime factors of (0 - (218 + -2) - -2)/(-2)?
107
Let h = -9 + 9. Suppose -5*b + 31 - 1 = h. List the prime factors of b.
2, 3
Suppose -2*q + 6*c = 2*c, -c = -3*q. Suppose 0*g + g - 8 = q. What are the prime factors of g?
2
Let k be 1 - -2 - (-14)/2. List the prime factors of ((2 - 3) + k)*4.
2, 3
Let m(c) = -c + 37. What are the prime factors of m(16)?
3, 7
Suppose 5*t = 44 + 56. Suppose -i = 0, -3*i = -2*v + t + 8. What are the prime factors of v?
2, 7
Let j(l) = 6*l**2 + 19*l + 8. List the prime factors of j(-6).
2, 5, 11
Suppose -4*r = -7*r + 48. What are the prime factors of r?
2
List the prime factors of (63/27 + 3)/((-2)/(-93)).
2, 31
Suppose 2 = c - 0. Suppose -13 = -y - 4*h, c*y - h - 14 = -3*h. What are the prime factors of y?
5
Let c = 4 + -5. Let t(g) = -12*g + 1. Let n(z) = 25*z - 2. Let w(y) = 3*n(y) + 7*t(y). What are the prime factors of w(c)?
2, 5
Let c be (19 + -5)/(2/6). List the prime factors of (-16)/(-7) + (-12)/c.
2
List the prime factors of (-1930)/(-130) - (-4)/26.
3, 5
Suppose 3*l - 10 + 1 = 0, -l = 2*r - 113. Suppose -5*w - 2*z + r = 0, -w + 3*w = -4*z + 22. List the prime factors of w.
11
Let s = -3 - -76. What are the prime factors of s?
73
Suppose 0*g + 6 = 3*g. Suppose -3*w - 55 = -4*n, -g*n = -3*n + w + 14. What are the prime factors of n?
13
Suppose -2*q + 3*q = 22. Let x be 5*(-2)/2*3. Let u = x + q. What are the prime factors of u?
7
Let h = -297 + 459. List the prime factors of h.
2, 3
Let k = 36 - 20. Let j(a) = -a**2 - 7*a + 4. Let z be j(-6). Let i = k - z. What are the prime factors of i?
2, 3
Let w be 3/(-2)*(-28)/21. Suppose -w*s = -4, -3*v + 158 = 2*v - s. List the prime factors of v.
2
Let a be (24/(-2))/(-4) - 11. Let h = -3 - a. What are the prime factors of h?
5
Let f = 23 - 19. Suppose 0*s = 3*i - 3*s - 24, -i + f*s = -2. List the prime factors of i.
2, 5
Suppose 4*a - 4*r = -32, 2*a - 2*r - r = -21. Let g(t) = -t**3 - 2*t**2 - 4. List the prime factors of g(a).
5
Let m be (-84)/(-30) + (-2)/(-10). Let k(u) = -6*u + 4*u - 3*u**2 - 2 + 6*u**2. What are the prime factors of k(m)?
19
Let y = -217 + 479. List the prime factors of y.
2, 131
Let t = -2 + -4. Let a(f) = -f + 7. What are the prime factors of a(t)?
13
Let k be (-25)/20*(-23 - 1). Suppose -2*d = 3*z - 51, 5*z - 108 = -d - k. What are the prime factors of z?
3, 5
Suppose -3*d = -i + 61, 3*i - 2*d + 0*d = 148. Suppose -2*c = 4*z - i, 5 = 2*c + z - 35. What are the prime factors of c?
19
Suppose 2*z + 2*z + 2*t = 4, -5*z = -3*t - 27. Suppose z*r + 0 = 6. List the prime factors of 0 - r - (-9 - -1).
2, 3
Let d(l) = 2*l**2 - 14*l + 1. List the prime factors of d(10).
61
Suppose -2*h + 917 = 5*h. What are the prime factors of h?
131
Let u = -57 + 98. List the prime factors of u.
41
Let v be (-1)/(-2 - -1) + 18. Let p = -2 + v. What are the prime factors of p?
17
Let d be 12*((-15)/(-6))/1. Let p = 42 - d. List the prime factors of p.
2, 3
Let q be 4/12 + 185/3. Suppose -4*r + 38 = -q. List the prime factors of r.
5
Suppose -y - 2 = 3*z, -2*z - z - 18 = 3*y. Let m(j) = -2*j - 11. Let h be m(y). Suppose -2*a + u - 3*u + 12 = 0, -h*a + 32 = 4*u. List the prime factors of a.
2
Let k be (6/(-4))/((-6)/8). Suppose k = 3*v - 10. List the prime factors of v.
2
Suppose -73 - 7 = 5*p. Let k = p + 9. Let g(c) = -2*c - 1. List the prime factors of g(k).
13
Let t(b) = b**3 + 13*b**2 + 9*b - 18. What are the prime factors of t(-8)?
2, 5, 23
Suppose 3*s = -5*d + 43, 4*s - 23 = -5*d + 21. Let p = 2 + 0. Suppose d = 5*g - p. List the prime factors of g.
2
Let x be ((-15)/9 + 2)*6. Suppose 0*t - 3*t + 5*a - 6 = 0, x*a + 4 = -2*t. List the prime factors of 3/(t - 1)*-3.
3
Let n(f) = 48*f**2 - 3*f + 2. List the prime factors of n(2).
2, 47
Suppose 11 = 3*a - 4. Suppose -a*l + 73 - 28 = 0. Let q(n) = n**3 - 8*n**2 - 7*n - 13. List the prime factors of q(l).
5
Let u(x) = 4*x - 8. List the prime factors of u(6).
2
Let v be (0 + 4/3)*3. Suppose -5*a + 161 + v = 0. List the prime factors of a.
3, 11
Let m(h) = h + 8. Let x be m(-7). Let j be 20 - 2 - (3 - x). Suppose -j = -3*f + 23. What are the prime factors of f?
13
Let g(j) = -6*j + 2. Let r be g(2). Let a = r + 51. What are the prime factors of a?
41
Suppose -j = -5*w + 520, 2*w = -3*j + 79 + 112. What are the prime factors of w?
103
Let c(l) = 333*l**2 - 5*l - 1. What are the prime factors of c(-1)?
337
Suppose 4*d - 3*d = 5. Suppose -25 = d*u, -3*n + n + 3*u + 55 = 0. Suppose -k - n = -5*k. What are the prime factors of k?
5
Let f = -1 + 4. Suppose -5*g + 12 = n, -10 = f*g - 8*g. What are the prime factors of n?
2
Let f(h) = -h**3 + 2*h**2 + 2*h + 1. Let a(d) = -d**2 + 7*d - 1. Let j be a(7). What are the prime factors of f(j)?
2
Let b = -453 + 713. List the prime factors of b.
2, 5, 13
Let u be 1*(-2 + 2 - 3). Let l = 8 + u. What are the prime factors of l?
5
Suppose 0 = -3*m + 2*w + 19, 7*w = -5*m + 3*w - 5. Suppose m*h - 32 = -q, 2*h + 3*q + 24 = 5*h. Suppose -a = -0 - h. List the prime factors of a.
2, 5
Let a(w) = -w**3 + w**2 + 20. Suppose 3*i + 2*k - 4*k = 2, 0 = -5*i - 5*k - 5. List the prime factors of a(i).
2, 5
Suppose -4*h + 5*k = -329, -2*h + 5*k = -3*h + 51. List the prime factors of h.
2, 19
Let i(t) = 4*t + 21. Let d be i(-14). Suppose 3*p - 7*p - 218 = -3*y, -5*p + 3*y - 274 = 0. Let j = d - p. What are the prime factors of j?
3, 7
Let y = -114 - -30. Let c be 36/14*y/18. Let m = c - -26. What are the prime factors of m?
2, 7
Let f = 64 + -59. What are the prime factors of f?
5
Let p(r) = -29*r**2 + 29*r - 2. Let y(s) = -10*s**2 + 10*s - 1. Let l(g) = -6*p(g) + 17*y(g). List the prime factors of l(4).
43
What are the prime factors of (-5)/(-5) - (2 + -1 - 38)?
2, 19
Let c be 8/20 - (-22)/(-5). Let y be (-14)/8 - c/(-16). What are the prime factors of 6 + 1 - (-3 - y)?
2
Let r = 7 - 6. Let f = 6 + r. What are the prime factors of f?
7
Let z = 38 + -16. List the prime factors of z.
2, 11
Let n be 3 + -2 + -1 + 1. Let x be 1/(-3)*(-2 - n). What are the prime factors of x/(-1)*-4 + -2?
2
Suppose -4*p + 108 = 2*p. What are the prime factors of p?
2, 3
Suppose 104 = 2*f - 6*f. Let c = 38 + f. What are the prime factors of c + (-1 + 3 - 2)?
2, 3
Suppose 0 = -3*i + y + 2*y + 558, 3*i + y = 554. List the prime factors of i.
5, 37
Let n(l) = -l**2 + 11*l - 7. Let j be n(10). Suppose 4 = -g, 6*c + j*g - 4 = 4*c. List the prime factors of c.
2
Suppose 0 = -3*a + 7*a - 136. What are the prime factors of a?
2, 17
Let h(y) = 2*y**2 + 5*y - 4. List the prime factors of h(-4).
2
Suppose 5*n - 4*g = -93, 0 = 3*n + g + 9 + 57. Let u(w) = -5*w + 2. Let x be u(-8). Let t = x + n. What are the prime factors of t?
3, 7
What are the prime factors of (-10)/15 + 3084/9 + -2?
2, 5, 17
Let w(k) = -3*k**2 - 4*k + 5. Let v(u) = u**2 + 2*u - 3. Let b(c) = -c**2 + 2*c + 1. Let n be b(4). Let o(p) = n*v(p) - 4*w(p). List the prime factors of o(-1).
2
Let t(s) = 4*s + 7 - 7 - 2*s**2. Let a be t(4). Let k = 25 + a. List the prime factors of k.
3
Let p = -3 - -3. Suppose -j - 2*w - 26 = 0, 5*j - w + 132 + 42 = p. What are the prime factors of 6/(-9) + j/(-6)?
5
Let p be (-27)/45 + 86/10. Let u = 10 + 6. Let t = u - p. What are the prime factors of t?
2
Suppose -d - 5*z + 12 = -2, 4*d + 20 = -z. Let k(i) = -i**2 - 13*i - 7. List the prime factors of k(d).
5, 7
Suppose -x - 10 = -3*o, o = -x + 2 - 4. Suppose 0 = -o*w - 0 + 4. What are the prime factors of w?
2
Suppose 3*l = -5*b + 30, 3*b + 2*l - 7 = 10. List the prime factors of b.
3
Let z = 9 - 6. Suppose 9 = u - z*h, 3*u = -h + 31 + 16. What are the prime fa